he third derivative of w**5/60 - 7*w**4/12 - 48*w**3 + 3789*w**2 + 2. Calculate v(25).
-13
Let o(p) be the third derivative of p**5/60 + 5*p**4/24 + p**3/2 - 531*p**2. Give o(-6).
9
Let c be 0 + 2*(-60)/8. Let q(x) = -x**2 - 18*x - 45. Determine q(c).
0
Suppose -11*k = -4*k - 14. Let l(j) = 8 + 28*j**3 + 15*j**k - 29*j**3 - 16*j**2. Determine l(0).
8
Let a(h) be the third derivative of -3*h**4/8 - 11*h**3/6 - 1521*h**2. Give a(-9).
70
Let q be (15/(-6))/(-5) - 68/(-8). Suppose 0 = -2*b + 3*b + 3, q = 4*c + b. Let d(k) = -2*k. Let t(o) = 7*o. Let y(s) = 6*d(s) + 2*t(s). What is y(c)?
6
Let f(h) = 54 + 0*h**3 + h**3 + 6*h + 475110*h**2 - 475107*h**2 - 16. Determine f(-4).
-2
Let i(u) = 6*u**2 + 4*u - 2. Let b(r) = 7*r**2 + 5*r - 2. Let k(h) = 5*b(h) - 6*i(h). Let x be 1/(-28)*-8*203. Suppose 41*f - x*f = -51. Give k(f).
-4
Let o(x) = -x**2 - 6*x - 1. Let k be 56/35*70/(-4). Let y be 8*(-3 + k/(-8)). Let h be 198/(-55) - y/10. Give o(h).
7
Suppose 9 = -15*x - 111. Let f(p) = -7*p**3 - 2*p**2 - 2*p - 7. Let w(b) = -20*b**3 - 7*b**2 - 6*b - 21. Let d(j) = -17*f(j) + 6*w(j). What is d(x)?
9
Suppose -120 = -4*d - 26*v + 40*v, -4*d + v = -16. Let a(z) be the first derivative of 4*z + 20 + d*z**3 + 7/2*z**2 + 1/4*z**4. Determine a(-5).
-6
Let a(m) = 8*m + 149. Let i(f) = -58*f - 2928. Let l be i(-50). What is a(l)?
-75
Let v(m) = 17*m**2 - 28*m**2 - m + 10*m**2 - 11 - m**3. Let g = -496 + 496. Give v(g).
-11
Let o(m) = -m**2 - 5*m + 6. Let n = 3537 - 3578. Suppose 50 + 94 = 4*i. Let w = n + i. Calculate o(w).
6
Let v(g) = 6*g**2 + 4*g - 46. Let o(q) = 13*q**2 + 7*q - 92. Let c(j) = 3*o(j) - 5*v(j). Let y(l) be the first derivative of c(l). Give y(-1).
-17
Suppose -4*c = 4*o + 172, 9*c - 3*o + 175 = 4*c. Let u(v) = -v - 50. Determine u(c).
-12
Let r(z) = z + 2. Let t(i) be the first derivative of 3*i**2/2 - 10*i - 54. Let o(y) = -6*r(y) - t(y). Give o(-4).
34
Let d = -27 - -31. Let x(p) be the first derivative of -20 + 2*p**2 - 1 - 4*p**2 + 2*p + d*p**2. Calculate x(-2).
-6
Suppose 47 = 4*z + 3*r, -6*z - 4*r + 60 = -z. Let x(l) = -3*l**2 + 18*l + 13. Let h(o) = -o**2 + 6*o + 4. Let t(i) = z*h(i) - 3*x(i). What is t(7)?
0
Let o(f) = 57*f + 4*f**2 + 113 - 60*f - 3*f**2 + 35*f. Determine o(-28).
1
Let m(x) = -12*x - 24. Suppose 0 = -3*p - d - 13, 3 = 7*p - 4*d + 27. Determine m(p).
24
Let n(w) be the third derivative of w**4/12 + 5*w**3/6 + w**2. Let c be 10/2 + 10 + -6. Suppose 6*d - 3*u = c*d + 6, 3*d - 5*u = -22. Determine n(d).
-3
Let d be (-792)/(-48) - 8 - (3 - 0). Let i(p) be the second derivative of 1/6*p**3 + 0 + 6*p - d*p**2. Determine i(5).
-6
Let y(t) = -7*t**3 - t**2 + t. Let v be (-18)/(-1) + (-40)/(24 - 14). Suppose -v*u + 57*u = 43. What is y(u)?
-7
Let r(a) = -3*a - 10. Suppose 158 - 138 = 5*m. Suppose 4*q + 18 = -2*g, 3*g + 13 = -q - m. Calculate r(g).
5
Let z(k) be the third derivative of k**4/12 + 2*k**3 - 8*k**2 + k. Let u(v) = -v + 2. Let q(l) = 3*u(l) + z(l). Determine q(8).
10
Let b(n) = -51*n + 1670. Let i be b(33). Let o(j) = -j**3 - 12*j**2 + 18*j + 65. Determine o(i).
0
Let n(j) = 3 + 9*j - 1 + 1 - 19 - 9. Calculate n(3).
2
Let z(w) = -41 + 37 - 10 - 26 - 7*w - 41. Give z(-10).
-11
Let d(u) = u**2 - 5*u + 3. Let a be d(5). Let l(c) = -c**2 - 16*c - 54. Let n be l(-7). Let x(g) = -57*g - n + 55*g + 5. Give x(a).
-10
Let c(l) = l**3 + 21*l**2 + 19*l - 15. Let o be c(-20). Suppose -3*a + a + 4*h = -14, 0 = o*h + 15. Let q(v) = -a + 4 + 3*v - 4. Determine q(-1).
-4
Let s(l) = -56*l + 2. Suppose -3*f + 8 = 5*z, 118*f = 4*z + 113*f + 1. What is s(z)?
-54
Let d = -1290 + 1296. Suppose 0 = -6*k + k - 65. Let o = d + k. Let y(w) = -w**3 - 6*w**2 + 6*w - 1. What is y(o)?
6
Let m be -1*(-2 - -3) - -3. Let l(n) = 3*n**3 + m*n**2 + 0*n + 2 - n**3 + n - 3*n**3. Let a be 2/(-8)*120/(-100)*10. What is l(a)?
-4
Let t(v) = -v - 1. Let c be t(-5). Suppose 0*l + 13 = l + 5*o, -3*o = -2*l. Let n(u) = -4*u**3 + 5*u - 4*u**3 - 100*u**2 - l + 9*u**3 + 95*u**2. What is n(c)?
1
Let j(m) be the third derivative of m**6/60 - m**5/12 + m**4/2 - 43*m**3/6 - 6987*m**2. Give j(3).
2
Let p(t) be the third derivative of -t**6/120 - 9*t**5/20 + 5*t**4/4 + 5*t**3 + t**2 - 206*t. Calculate p(-28).
-26
Let b(x) = 10*x + 1. Suppose 8*a = 4*a - 8. Let k = a + 5. Let o be 1/(-1) + -3 + k. Determine b(o).
-9
Let d(f) be the second derivative of 11*f**7/840 - f**6/180 - f**5/120 - 103*f**3/6 + f + 148. Let h(o) be the second derivative of d(o). What is h(-1)?
-12
Let o be (-2 - 30/(-12))*6. Suppose 0 = o*y + 4*b + 13, b = 9 - 7. Let q(z) = z**2 + 7*z + 4. What is q(y)?
4
Let c(z) = 0*z + 2*z + 1689*z**2 - 1692*z**2 + 2*z. What is c(5)?
-55
Let y(g) = 54*g - 1. Suppose 5*m + 13*c - 8*c = -5, -5*c - 15 = 0. Calculate y(m).
107
Let s(o) be the second derivative of -o**5/20 + 7*o**4/12 - 2*o**3/3 - 4*o**2 - 9*o + 5. Suppose 5*g - 6*g = -7. Determine s(g).
-36
Let q(t) = -12*t + 4. Let s be q(15). Let p be (-2)/(-6) + s/(-48). Let j(o) = -2*o**3 - o**2 + 2*o + 4*o**2 + o**3. Calculate j(p).
-8
Suppose 5 = 2*w + 13, -5*p - 2 = 3*w. Let u = -58 - -60. Let y(s) = 2*s**2 + 0*s**2 - 3*s**3 - u*s + 2*s**2. Give y(p).
-12
Let i(v) = 3*v**3. Let z(a) = 5*a**3 - 2*a**2 - 2*a - 1. Let b(s) = -2*i(s) + z(s). Suppose -13*t = -8*t + 10. Give b(t).
3
Let h = 149 - 155. Let o be ((-48)/(-9))/(h/(-9)). Suppose -47*t + o = -45*t. Let d(n) = -n**2 + 5*n - 6. Give d(t).
-2
Let z(t) be the second derivative of t**8/6720 - t**7/280 + t**6/144 - t**5/60 - 5*t**4/12 + 259*t. Let j(c) be the third derivative of z(c). Determine j(8).
-26
Let p(h) = h**2 + 2*h + 3. Suppose -2*r - 20 = 4*t, -5*r + 0 = t + 5. Suppose -6*l + 10 + 8 = r. Suppose l*z = -z - 8. What is p(z)?
3
Let t(g) be the second derivative of -2*g**2 + 1/12*g**4 - 1/6*g**3 + 3*g - 17. Give t(-5).
26
Let v(o) = 3*o**2 + 4 - o**2 - 1 + 0 + 15*o. Let y(p) be the first derivative of -p**3/3 - 7*p**2/2 - 2*p + 5. Let a(h) = -2*v(h) - 5*y(h). Give a(-4).
0
Let k(b) = 178 - 195 - 2*b - 3*b + 7*b. Give k(-9).
-35
Let r(y) = 14*y**2 - y - 1. Suppose i = 4*a + 3*i - 1610, a = i + 398. Let j = -402 + a. Calculate r(j).
14
Let m(s) = -s**3 + 1. Let f(g) be the first derivative of -g**4/4 + 14*g**3/3 + 7*g**2 + 17*g + 2. Suppose 2*o - 36 + 6 = 0. Let w be f(o). Give m(w).
-7
Let s = 480 - 475. Let q(w) = 27 - 6 + 8*w - w**2 - s. Calculate q(11).
-17
Let u(c) = 9*c - 584. Let t(i) = -i + 97. Let m(x) = -6*t(x) - u(x). Let z = -2 + -2. Let b = -2 + z. Give m(b).
20
Let o(y) = -y - 28. Let d be o(-18). Let t = 12 + d. Let z(f) = -f + 0*f**t + 4 + 5*f**2 - 5 - 6*f**2. Give z(0).
-1
Suppose -8 = -s + d, 3*d + 2*d + 24 = 3*s. Let h(o) = 24*o - 45. Let w(z) = 10*z - 20. Let m(f) = -2*h(f) + 5*w(f). Calculate m(s).
6
Let r(l) be the third derivative of -7/120*l**6 + 0*l**5 - 1/6*l**3 - 16*l**2 + 0*l + 0 + 0*l**4. What is r(-1)?
6
Let y(q) be the third derivative of q**4/4 + q**3/2 - 5*q**2. Let g = 1296 - 1298. Calculate y(g).
-9
Let q(f) = f**3 + 11*f**2 - 6*f - 11. Let d be (-207)/(-69) + 155/(-10) + (-2)/(-4). Determine q(d).
-83
Let x(m) = -m + 11. Let s(d) = -2*d**2 - 17*d - 6. Let o be s(-13). Let n = o + 203. Let a = -70 + n. What is x(a)?
1
Let v(n) = -n**3 - 7*n**2 + 12*n - 11. Suppose -9*y - 52 = -4*y + j, -2*y = -5*j - 17. What is v(y)?
43
Let p(j) = -j**3 - 6*j**2 - 2*j - 6. Let o = 1042 + -1042. Determine p(o).
-6
Let m be (-48)/(-200)*35/(-21) - (-63)/(-5). Let s(j) = -2*j - 34. Give s(m).
-8
Let r(j) be the third derivative of 0*j**3 - j + 45*j**2 + 0 + 1/60*j**5 - 1/24*j**4. Give r(3).
6
Let j(u) = -3*u - 1. Let f(d) = -8*d - 4. Let l(r) = -4*f(r) + 11*j(r). Suppose 3*k - 31*q = -30*q + 22, 0 = 3*q - 6. Give l(k).
-3
Let n(k) be the second derivative of 5*k**3/6 + 87*k**2/2 - 10111*k. Determine n(-16).
7
Let s be (-14 + (-1410)/9)/(2/9). Let z = s + 777. Let i(t) = t**3 - 9*t**2 + 2*t - 3. Determine i(z).
15
Suppose -6*y = 20 + 16. Let j be ((-2)/y)/(-3 + 372/126). Let p(q) be the third derivative of q**6/120 + 7*q**5/60 - q**3/3 + q**2. Calculate p(j).
-2
Let q(j) = -10*j + j**3 - 7 + 62339*j**2 - 31154*j**2 - 31164*j**2 + 28*j. What is q(-20)?
33
Let n(h) = 7*h - 19*h - 56 + 182 - h**2 - 15*h. What is n(-31)?
2
Let n = -11161 + 11167. Let u(h) = -2*h + 2. Give u(n).
-10
Let p(o) = o**3 - 4*o**2 - 21*o + 14. Let b be p(7). Suppose 5*q 